 l.
3
Suppose d = 4, 4*y + 0*y = -2*d. Let z be (0 - y)*-1 + 12. Calculate the greatest common divisor of 70 and z.
10
Let y be (-24)/(-18)*(-9)/2. Let s be 3/(y/(-16)) + -2. Suppose -3*x + 4 = -x. What is the highest common divisor of x and s?
2
Let f = -21 - -9. Let l(k) = -k**3 - 11*k**2 + 13*k + 16. Let y be l(f). Let q be 105 - ((-3)/(-3) - y). What is the greatest common divisor of q and 12?
12
Suppose -3*b + 77 + 91 = -4*t, 5*b - 280 = 3*t. What is the greatest common divisor of b and 42?
14
Let b(s) = -5*s - 3. Let y be (-6)/(-15) - 124/10. Let z be b(y). Let k be 19 + -2 + 2 + 0. Calculate the greatest common divisor of k and z.
19
Let u(v) = -6*v**3 - 4*v**2 - 5*v - 5. Let s be u(-2). Let a = -28 + s. Calculate the highest common factor of a and 1.
1
Suppose 0 = -4*o + 13 - 1. What is the greatest common divisor of o and 24?
3
Suppose 0 = 4*w - 0*w - 2*n - 30, -5*n + 21 = 2*w. Let r be (0 + 1)*8/2. Let g be (-2 - (-6)/r)*-4. What is the highest common divisor of g and w?
2
Suppose 0*s = -3*s + 225. Suppose -3*y + 0*y = -90. Calculate the highest common factor of s and y.
15
Let k(d) = -5*d + 3. Let g be k(-5). Calculate the highest common divisor of 4 and g.
4
Suppose 0 = 5*f - 10*f + 5*g + 590, -f - 5*g + 142 = 0. Calculate the highest common factor of 61 and f.
61
Let h = 30 - -8. Suppose 5*k = h - 8. Calculate the highest common divisor of 12 and k.
6
Let b(z) = -2*z - 3. Let r be b(-5). Suppose 59 = 5*n - 81. What is the greatest common divisor of n and r?
7
Suppose -3*m - 3 = 0, -3*m - 26 = 2*y - 7*m. Let r = 27 + y. Let a be (2*-4)/(-1)*6. What is the highest common factor of a and r?
12
Let g be 2 + 2/(-1) + 18. Let v be (-4)/8 + 1/2. Let m be (0 + v)/(-4) - -18. Calculate the highest common factor of m and g.
18
Let h be -34*(-4)/8 - (1 - 4). Calculate the greatest common divisor of h and 220.
20
Let t = 15 - 32. Let j = -2 - t. Calculate the greatest common divisor of 15 and j.
15
Suppose 3*x = -4*b + 7, x + 4*b - 5 = -0*b. What is the highest common divisor of 3 and x?
1
Let d be (-30)/(2*6/8). Let i = 36 + d. Suppose 4*g - b = 6*g - 14, 32 = 3*g - 4*b. What is the highest common factor of g and i?
8
Suppose -3*s = 5*h - 5*s - 140, -h = -5*s - 28. Suppose -2*t = -4*c - h, 53 - 19 = 5*t - c. Calculate the greatest common divisor of 48 and t.
6
Let u be 12/4 - (0 - 0). Suppose 34 = z - 5*c, -z - 5*c + u = -1. Calculate the highest common divisor of 171 and z.
19
Let w be -1*(-1)/1 - (-4 - 4). What is the greatest common divisor of w and 6?
3
Let k = 3 - 1. Calculate the greatest common divisor of 4 and k.
2
Suppose -3*z = -9 - 6. Suppose 5*t - 18 = 2*w, z*t + 2*w = -w - 2. Calculate the greatest common divisor of 5 and t.
1
Let z be 111 + 0 - (-1)/1. Let j(p) = p + 34. Let r be j(-20). What is the highest common divisor of r and z?
14
Suppose 0 = -2*r + 71 + 17. Let a be 132/5*(13 + -3). Suppose a = 6*s - 2*s. What is the highest common factor of s and r?
22
Let b = 13 - -7. Calculate the greatest common factor of b and 60.
20
Let d(p) = 3*p + 7. Let i(s) = -2*s - 6. Let c(l) = -4*d(l) - 3*i(l). Let u be c(-3). Calculate the highest common divisor of u and 1.
1
Suppose l + 2*v - 12 = 29, 4*l - 2*v = 124. What is the greatest common divisor of 66 and l?
33
Let i be (4*2)/(1 - 0). Let p be (-1)/(-2) + 23/2. Calculate the highest common factor of i and p.
4
Let v(x) = -x**2 + 48. Let j be v(0). Let l = 8 + 4. Suppose 0*u - u + l = 0. Calculate the greatest common factor of j and u.
12
Let l = 58 + -34. Suppose 4*t - t = -5*y + 33, t = 5*y - 29. What is the greatest common factor of y and l?
6
Let u(z) = -2*z - 3. Let a(v) = -v - 1. Let s(h) = -7*a(h) + 3*u(h). Let w be s(4). Calculate the highest common factor of w and 3.
1
Suppose -3*m + 34 = 4. Calculate the highest common divisor of 70 and m.
10
Suppose 6 = 2*s - 6. Let n(l) = l + 2. Let o be n(s). What is the highest common divisor of 8 and o?
8
Let l(b) = b**2 + 4*b - 6. Let g be l(-6). Let w be 21/14*64/g. What is the highest common factor of w and 64?
16
Let x(n) = n**2 - 5*n - 10. Let c = 2 - -6. Let q be x(c). Let y(r) = 5*r**2 - 3*r + 2. Let u be y(5). What is the greatest common factor of u and q?
14
Let w be -3 - (1 - (69 + 3)). Suppose -p + w = 4*r, p - 2*r = -r + 43. What is the highest common divisor of p and 16?
16
Suppose -5*a = s - 11, -5*a + 3*s - s + 8 = 0. Suppose -55 - 57 = -a*n. What is the greatest common divisor of n and 8?
8
Let r(k) = 4*k**2 + 2*k + 5. Let t be r(-4). Suppose -3*m + 274 = t. Suppose 3*o - m = -23. Calculate the greatest common divisor of 48 and o.
16
Suppose 14*c - 70 = 9*c. What is the greatest common factor of c and 7?
7
Suppose 3*g - 5*l + 0*l = 139, 5*g - 4*l - 210 = 0. Calculate the highest common divisor of 57 and g.
19
Let u be (90/25 - 4)/((-2)/160). Let a = 62 + 18. Calculate the greatest common factor of a and u.
16
Let r be 6/((-12)/(-8) + 0). Let j(i) = 4*i + 2. Let c be j(r). What is the greatest common factor of 45 and c?
9
Let y = 118 - 58. Let d(l) = 3*l**2 + 7*l + 9. Let g be d(-3). What is the greatest common divisor of g and y?
15
Let f = -17 + 12. Let h = f - -14. What is the highest common divisor of 6 and h?
3
Let a(x) = -x**2 - 14*x + 5. Let b be a(-10). What is the greatest common divisor of b and 9?
9
Let u = 11 - -2. What is the highest common factor of 13 and u?
13
Let f = 3 - -12. Calculate the greatest common divisor of f and 5.
5
Let g be (3/2)/(3/(-6)). Let f(d) = -3*d + 4. Let i be f(g). Let c = 19 - i. What is the greatest common divisor of c and 6?
6
Let r(w) be the first derivative of w**3/3 + 7*w**2/2 - 1. Let u be r(-7). Suppose 2*v + 2*v - 200 = u. What is the greatest common factor of 10 and v?
10
Suppose 853 = 6*u - 5. What is the highest common factor of 13 and u?
13
Let r = 6 - 4. Suppose 0 = -r*d + 32 + 4. What is the greatest common divisor of 6 and d?
6
Let v be -6*-26*4/48. Suppose 2*s - 8 = 4*s. Let h be (v/s)/(1/(-4)). What is the highest common factor of 26 and h?
13
Let o(q) = -q**2 - 7*q + 6. Let b be o(-4). What is the highest common divisor of 36 and b?
18
Let z(s) = -s + 1. Let y be z(-1). Suppose a + w - 1 = 2*w, a - 2*w = y. Suppose a = 2*n - 88 - 122. What is the greatest common divisor of n and 42?
21
Let q = 8 - 5. Suppose 2*z + 26 = 82. Suppose -a = 2*f - 12, 0*f - q*f - 4*a = -z. Calculate the greatest common factor of 4 and f.
4
Suppose w + 0*w = 10. Let x(h) = -9*h - 175. Let i be x(-25). Calculate the greatest common divisor of w and i.
10
Suppose y - 9 = -4*v + v, 4*v = -3*y + 17. Suppose -3 = -2*m + m. What is the greatest common factor of v and m?
1
Let p be (7 - -26)*(7 + -2). What is the highest common divisor of 15 and p?
15
Suppose -2*l = -0*l - 10. Let g = 19 - 9. What is the highest common factor of g and l?
5
Let i(a) = -a + 7. Let v be i(-6). Let o = -18 + 31. Calculate the highest common factor of v and o.
13
Let g(z) = z**3 - 6*z**2 - 6*z - 4. Let s be g(7). Suppose 4*l + 4 = j - 37, 0 = 3*j + s*l - 93. What is the highest common divisor of 11 and j?
11
Let x be (2 + (-5 - -1))/(-1). Suppose 0*k + 396 = x*k. Suppose -58 = -3*q + 8. What is the greatest common divisor of q and k?
22
Let g(m) = -m**3 - 4*m**2 - 4. Let u(d) = d + 3. Let t be u(-7). Let r be g(t). Let s be 2 - 2 - 1*r. Calculate the highest common factor of 1 and s.
1
Suppose -3*u + g - 214 + 701 = 0, 4*g = 5*u - 821. Calculate the highest common divisor of u and 23.
23
Let t be -2 + -6 + 0/1. Let u(x) = -x**3 - 9*x**2 - 11*x + 1. Let g be u(t). What is the highest common factor of 100 and g?
25
Suppose 5*m - 320 = 5*a + 110, -6 = -3*a. Suppose -2*y + 7*y - 40 = 0. Calculate the highest common factor of y and m.
8
Let v(m) = 2*m**3 - 3*m**2 + 4*m - 2. Let i be v(2). What is the greatest common factor of i and 25?
5
Let n be (6/12)/((-2)/(-8)). Let j(r) = 38*r**2 + 2*r - 2. Let x be j(n). Calculate the greatest common divisor of x and 22.
22
Suppose 0 = -u - u - 34. Let i = 29 + u. What is the highest common factor of 12 and i?
12
Let o(a) = 1 + 2*a**2 + 0 - 3*a - 2*a + 0*a**2. Let u be o(-5). Suppose 6*v = v + 4*q + u, 15 = v - q. Calculate the highest common factor of 4 and v.
4
Suppose 3*d + 576 = 11*d. Let u = -11 + 8. Let a(s) = s**3 + 4*s**2 - 1. Let g be a(u). Calculate the highest comm